 multiple of 495?
True
Is 18 a factor of 45928026?
True
Is 321817007 a multiple of 9?
False
Is 1557 a factor of 22873887?
True
Is 14 a factor of 12942017?
False
Is 64406572 a multiple of 51?
False
Does 698 divide 34648461?
False
Is 8511146 a multiple of 8?
False
Is 304 a factor of 135559680?
True
Does 38 divide 157745486?
True
Does 8664 divide 610456776?
True
Is 26 a factor of 497864668?
False
Is 12 a factor of 370686396?
True
Does 15 divide 584641500?
True
Does 45 divide 2441403?
False
Is 10 a factor of 1865350?
True
Does 50 divide 40464200?
True
Does 8 divide 530385987?
False
Does 1286 divide 2119554336?
True
Is 258828840 a multiple of 3954?
True
Is 305 a factor of 322492074?
False
Is 88976793 a multiple of 128?
False
Does 10 divide 58402970?
True
Is 85 a factor of 31046590?
True
Is 243697680 a multiple of 125?
False
Does 472 divide 351365768?
True
Does 15 divide 378727980?
True
Is 29 a factor of 2087983?
False
Is 1928 a factor of 392683472?
True
Does 304 divide 461075654?
False
Does 63 divide 222306777?
True
Is 3519012143 a multiple of 419?
True
Does 378 divide 115743250?
False
Is 55 a factor of 1252511?
False
Is 88506343 a multiple of 45?
False
Does 2893 divide 8915325?
False
Does 72 divide 109297368?
True
Is 2758551861 a multiple of 112?
False
Is 13 a factor of 364555451?
True
Is 3346 a factor of 88618810?
True
Is 263156007 a multiple of 85?
False
Is 15 a factor of 113693281?
False
Is 112 a factor of 28328108?
False
Is 4545396 even?
True
Is 58323707 a multiple of 338?
False
Is 59 a factor of 5401155?
True
Is 649 a factor of 183838275?
False
Is 34 a factor of 3957770?
True
Is 3270 a factor of 45663034?
False
Is 32 a factor of 37463370?
False
Is 119 a factor of 902566?
False
Does 48 divide 17669803?
False
Is 345920929 a multiple of 8969?
False
Is 75 a factor of 4336875?
True
Does 84 divide 14341047?
False
Does 4157 divide 116903154?
True
Is 699839916 a multiple of 6?
True
Is 14 a factor of 8609903?
False
Is 338916214 a multiple of 58?
True
Is 11 a factor of 32285218?
False
Is 24 a factor of 83591928?
True
Is 1077 a factor of 884673923?
False
Is 141 a factor of 161365253?
False
Does 51 divide 405275489?
False
Does 143 divide 36320969?
False
Is 26424900 a multiple of 919?
False
Is 429 a factor of 196633906?
False
Is 69 a factor of 3629518389?
False
Is 349475427 a multiple of 527?
False
Does 9 divide 2057597505?
True
Is 256 a factor of 3554053298?
False
Does 1966 divide 69484645?
False
Does 136 divide 104604219?
False
Does 27 divide 20223418?
False
Is 135 a factor of 2345528695?
False
Is 205549839 a multiple of 17?
True
Does 100 divide 2817853?
False
Is 37 a factor of 225202238?
False
Does 542 divide 503963524?
True
Is 653638128 a multiple of 968?
True
Does 1463 divide 121403538?
False
Is 67147542 a multiple of 49?
True
Is 28869295 a multiple of 313?
False
Is 91073088 a multiple of 422?
False
Does 258 divide 83674302?
True
Does 21 divide 340912723?
False
Does 102 divide 1085368944?
True
Is 26 a factor of 11673038?
True
Is 207 a factor of 70571682?
True
Does 9 divide 66511458?
True
Does 214 divide 357918852?
True
Is 1741 a factor of 216757982?
True
Does 368 divide 5924989152?
True
Is 810454557 a multiple of 19?
True
Is 16 a factor of 391417856?
True
Does 25 divide 921680564?
False
Is 2 a factor of 9301609?
False
Is 703 a factor of 1008648934?
True
Does 1887 divide 50020596?
True
Is 1264 a factor of 46912096?
True
Is 9434 a factor of 272453920?
True
Is 5 a factor of 89282430?
True
Is 68107248 a multiple of 684?
True
Is 113 a factor of 12355420?
True
Is 33979361 a multiple of 983?
True
Is 44 a factor of 16726952?
True
Is 97340133 a multiple of 41?
False
Is 4598138806 a multiple of 9916?
False
Is 1063 a factor of 1405560275?
False
Is 116 a factor of 53837610?
False
Does 119 divide 34032096?
True
Does 1189 divide 23348633?
False
Is 1593 a factor of 2367349335?
True
Is 14 a factor of 10942792?
True
Is 9 a factor of 21864942?
True
Is 422703275 a multiple of 6551?
True
Is 1655 a factor of 35431895?
True
Does 791 divide 83407258?
False
Is 29 a factor of 542788622?
False
Is 494733033 a multiple of 223?
False
Does 64 divide 200728601?
False
Does 19 divide 626410?
False
Is 6345 a factor of 54836675?
False
Is 14 a factor of 8666902?
False
Is 1140 a factor of 1221936360?
True
Is 1004 a factor of 42506741?
False
Does 2109 divide 231038219?
False
Does 188 divide 2694846?
False
Does 15 divide 176189601?
False
Is 14830235 a multiple of 181?
True
Does 1331 divide 1151027504?
True
Is 491635191 a multiple of 393?
False
Is 23 a factor of 10212948?
False
Is 12 a factor of 424036997?
False
Does 12 divide 7749479?
False
Is 258418509 a multiple of 2203?
True
Is 394088326 a multiple of 30?
False
Is 404724835 a multiple of 13?
False
Does 128 divide 2377806?
False
Is 75243980 a multiple of 580?
True
Is 55631680 a multiple of 10?
True
Does 79 divide 145179735?
False
Is 250016807 a multiple of 927?
False
Is 126 a factor of 211917006?
True
Is 722 a factor of 625543688?
True
Is 334676910 a multiple of 6?
True
Is 6862195 a multiple of 69?
False
Is 19 a factor of 898786298?
True
Is 337562758 a multiple of 41?
True
Does 6 divide 1012514?
False
Is 44345418 a multiple of 663?
True
Is 696 a factor of 24355128?
True
Is 15642707 a multiple of 5?
False
Is 118 a factor of 569995106?
True
Is 647 a factor of 90924563?
False
Is 9 a factor of 544711131?
True
Is 4783228800 a multiple of 4480?
True
Is 219 a factor of 903768762?
True
Does 1648 divide 71631445?
False
Is 1279 a factor of 60688550?
True
Does 130 divide 14280341?
False
Is 226466419 a multiple of 16?
False
Does 248 divide 1039800264?
True
Does 350 divide 1872389750?
True
Does 1705 divide 448593857?
False
Is 78 a factor of 6927214?
False
Is 15 a factor of 435101010?
True
Does 669 divide 30388485?
False
Is 113401025 a multiple of 905?
True
Is 264388914 a multiple of 342?
True
Is 82818146 a multiple of 2073?
False
Does 136 divide 274589889?
False
Does 809 divide 14689822?
True
Is 10 a factor of 135465514?
False
Does 46 divide 36119493?
False
Is 564597660 a multiple of 4405?
True
Is 594708774 a multiple of 1023?
True
Is 2 a factor of 16357195?
False
Does 150 divide 23249953?
False
Does 3 divide 900854?
False
Is 219393195 a multiple of 239?
False
Is 160 a factor of 288040960?
True
Does 10 divide 58781838?
False
Is 9 a factor of 2184362653?
False
Is 372819216 a multiple of 10618?
True
Is 169059139 a multiple of 2246?
False
Is 38 a factor of 3417036?
True
Does 1773 divide 47798165?
False
Does 346 divide 135236868?
True
Does 1683 divide 441937287?
True
Does 17 divide 2140440437?
True
Does 25 divide 123567500?
True
Does 9053 divide 4160541528?
True
Is 98 a factor of 34055201?
False
Does 115 divide 3550557380?
True
Does 20 divide 81596787?
False
Is 9 a factor of 113331939?
False
Is 6850163 a multiple of 49?
False
Does 946 divide 1243098632?
False
Does 1116 divide 6485251212?
True
Is 5 a factor of 183574350?
True
Does 7 divide 71966384?
True
Is 3141 a factor of 426686004?
True
Does 5 divide 89600572?
False
Does 11 divide 317724?
True
Does 11 divide 190789132?
False
Does 14 divide 5108084044?
True
Is 476 a factor of 133306180?
True
Does 16 divide 53982123?
False
Is 3 a factor of 962294?
False
Is 13696933 a multiple of 366?
False
Is 56745388 a multiple of 476?
True
Is 60237365 a multiple of 9?
False
Does 1324 divide 17269128?
False
Is 2374206075 a multiple of 9?
True
Does 52 divide 5956526?
False
Is 10 a factor of 47634290?
True
Is 154715078 a multiple of 587?
False
Is 34722351 a multiple of 3217?
False
Is 852871470 a multiple of 561?
True
Is 13 a factor of 10523118?
False
Does 5 divide 16055020?
True
Is 25 a factor of 153867413?
False
Is 197475110 a multiple of 71?
False
Is 6 a factor of 20575118?
False
Is 38 a factor of 192006686?
False
Does 17 divide 1364815080?
True
Does 16 divide 44104629?
False
Does 339 divide 883560474?
False
Is 920430930 a multiple of 1730?
True
Is 675596680 a multiple of 2321?
True
Is 193 a factor of 191374554?
True
Is 15487275 a multiple of 185?
True
Is 771224144 a multiple of 24?
False
Does 89 divide 1666293867?
True
Is 2641 a factor of 3442433224?
False
Does 15 divide 335522280?
True
Is 69371438 a multiple of 230?
False
Does 2187 divide 65362869?
True
Is 338451797 a multiple of 12?
False
Is 3 a factor of 14468